se 7) to base 10
2200774
What is -103044043 (base 5) in base 3?
-211101021200
5a35aa (base 13) to base 14
3dd587
What is -3a2cd (base 15) in base 12?
-8b964
Convert -1453213152 (base 6) to base 7.
-312000242
What is 11010100110010100 (base 2) in base 5?
11441243
What is -1022021000000 (base 3) in base 14?
-140cc0
What is -2485a (base 13) in base 6?
-1235425
Convert 142211 (base 7) to base 2.
110101001000011
1a6c8 (base 13) to base 14
14bb7
Convert -1010111000010010011000 (base 2) to base 15.
-3b507c
What is -101000101101101010000 (base 2) in base 12?
-544068
What is 324441312 (base 6) in base 8?
26153014
142333132 (base 5) to base 9
1356335
Convert -3154463 (base 8) to base 5.
-203421120
Convert 302251 (base 7) to base 5.
3114431
What is 344d22 (base 16) in base 15?
47a8cd
-6333313 (base 8) to base 11
-a51126
Convert -2e2ba (base 16) to base 9.
-317366
What is 193a05e (base 15) in base 13?
3a77c1a
1000101011000001000111 (base 2) to base 5
1040221401
Convert 2011002212011 (base 3) to base 16.
117391
10021211201 (base 3) to base 12
31591
-1348b6 (base 12) to base 4
-1031330022
2331421 (base 5) to base 8
123360
What is 100144 (base 11) in base 4?
213113010
What is -962437 (base 10) in base 3?
-1210220012211
Convert -5c2b9 (base 13) to base 10.
-169659
-134b16 (base 13) to base 8
-1621272
What is 14112100 (base 5) in base 6?
3033402
df441 (base 16) to base 7
10526113
Convert -1124630 (base 7) to base 10.
-140945
Convert -15431 (base 15) to base 16.
-10b5e
Convert 1011022110021 (base 3) to base 12.
258814
Convert 229cae (base 16) to base 6.
120341314
-1061504 (base 7) to base 10
-132647
-121346551 (base 7) to base 9
-15251114
Convert -bcca4 (base 15) to base 12.
-24b431
Convert -2905d (base 14) to base 3.
-12011101101
Convert -24d38 (base 16) to base 10.
-150840
-164184 (base 9) to base 2
-11000110001110000
2340576 (base 9) to base 7
13524066
Convert 22232332 (base 4) to base 16.
abbe
What is 1010010210020 (base 3) in base 5?
122441000
Convert -482811 (base 12) to base 8.
-4345015
What is -257464 (base 12) in base 10?
-614092
Convert 34014 (base 11) to base 5.
3034022
21140332 (base 7) to base 12
724784
Convert -408ee (base 16) to base 9.
-442651
244207 (base 8) to base 14
22915
94537 (base 12) to base 16
2f6fb
-605440 (base 7) to base 6
-2111501
Convert -10d758 (base 15) to base 10.
-804908
9980780 (base 11) to base 14
247baa7
Convert 1d51b (base 16) to base 3.
20002201211
Convert -474854 (base 12) to base 3.
-2011100121001
Convert 1151661 (base 7) to base 2.
100011111011000101
100950 (base 12) to base 2
111101000101001100
Convert 3254502 (base 8) to base 7.
10302330
2044172 (base 10) to base 3
10211212002002
What is 3046767 (base 9) in base 13?
44bb9a
Convert c916d (base 14) to base 10.
485981
What is -10530253 (base 7) in base 12?
-381571
What is -244431300 (base 6) in base 8?
-21735364
Convert -31210000222 (base 4) to base 3.
-20200122001101
What is 3007211 (base 8) in base 13?
218860
-3f649 (base 16) to base 8
-773111
What is -301203 (base 7) in base 14?
-14773
Convert -444043224 (base 5) to base 16.
-1d9bd7
Convert -22121431 (base 5) to base 9.
-322472
What is 1016a56 (base 12) in base 14?
5880dc
Convert -271b61 (base 14) to base 5.
-321141140
Convert -13354234 (base 6) to base 10.
-450670
What is -133730 (base 9) in base 14?
-219c5
4145034 (base 6) to base 13
70465
212022022 (base 4) to base 5
20000143
What is -22121001200 (base 3) in base 7?
-1303134
What is 1413134 (base 6) in base 16?
13792
2202212021 (base 3) to base 4
31110232
What is -43505 (base 6) in base 13?
-297b
Convert -757420 (base 8) to base 16.
-3df10
Convert 9db870 (base 16) to base 10.
10336368
Convert 22221100112 (base 3) to base 16.
2af4a
-2c3805 (base 15) to base 2
-1000001010000001000100
Convert -82631 (base 9) to base 3.
-2202201001
Convert -6530a7 (base 14) to base 16.
-344c4b
-4a31b (base 12) to base 14
-28995
Convert 1b2796 (base 12) to base 2.
1110101100011100010
Convert 1340737 (base 8) to base 7.
3131014
Convert -1201211202 (base 3) to base 4.
-20111210
-100122221211220 (base 3) to base 6
-302031423
-2528231 (base 11) to base 15
-5ba4c3
What is -113231 (base 6) in base 5?
-303221
Convert -46833 (base 11) to base 2.
-10000011111100010
Convert -29855a4 (base 12) to base 13.
-1978528
What is 12134311 (base 5) in base 13?
4042a
Convert -35433660 (base 7) to base 6.
-151104210
What is 12325356 (base 7) in base 10?
1115967
21311645 (base 7) to base 14
354895
Convert 1203201113 (base 4) to base 3.
202201011202
Convert -9367464 (base 10) to base 4.
-203232332220
471c3 (base 13) to base 2
11111101110011111
Convert 14354712 (base 10) to base 2.
110110110000100100011000
Convert -2b537c (base 14) to base 2.
-101110001010011000010
-3d5301 (base 15) to base 4
-23101021021
-10222211222100 (base 3) to base 9
-3884870
Convert 211014132 (base 5) to base 7.
10306265
Convert -11113564 (base 7) to base 10.
-961720
What is -9e02 (base 15) in base 8?
-101367
-100011001010000100101000 (base 2) to base 7
-141223445
-441506 (base 7) to base 8
-227162
Convert 3023212313 (base 4) to base 3.
1120100222222
-121112020 (base 3) to base 2
-10111100010000
1300153 (base 11) to base 2
1000100110100000101101
What is 217520 (base 10) in base 4?
311012300
101311301103 (base 4) to base 8
21656123
20123101032 (base 4) to base 12
8a6326
What is 197314 (base 13) in base 7?
5322160
Convert 78328 (base 10) to base 9.
128401
Convert 111100110000111101100 (base 2) to base 15.
294e83
What is -25411365 (base 7) in base 13?
-6294cc
What is 3c01c (base 16) in base 6?
5133524
3a36d (base 15) to base 6
3554551
Convert 11000111111001010000010 (base 2) to base 11.
3774249
Convert 466322 (base 7) to base 12.
4063b
What is 1daac (base 15) in base 7?
552354
-84a51 (base 15) to base 16
-66bda
What is 1423245 (base 6) in base 5?
10043401
What is 13043 (base 9) in base 15?
290c
What is 270417 (base 9) in base 6?
3304541
Convert 24834a (base 13) to base 12.
362427
-3a511 (base 13) to base 4
-122133200
Convert -300021203 (base 4) to base 12.
-9616b
b5a5a (base 12) to base 11
152aa8
1011302231 (base 4) to base 14
76273
30534b (base 14) to base 5
404042342
What is -3134002 (base 6) in base 4?
-211032302
-496386 (base 10) to base 13
-144c27
What is -2745725 (base 8) in base 15?
-1040d7
-37c9b (base 13) to base 2
-11001001100110010
Convert 437368 (base 11) to base 5.
134313011
What is 2220252 (base 7) in base 5?
32230344
Convert 10222230033 (base 4) to base 6.
42120023
What is 30482 (base 9) in base 6?
232545
8bb650 (base 13) to base 15
455a0b
Convert -1141425 (base 8) to base 11.
-1a3524
Convert 5211212 (base 7) to base 10.
624710
Convert -118422 (base 9) to base 12.
-35662
1211133010 (base 4) to base 11
264345
Convert -221303302300 (base 4) to base 10.
-10960048
What is -3cc52 (base 15) in base 13?
-6aa99
Convert a3258c (base 13) to base 6.
213310544
What is 15204421 (base 6) in base 3?
222220201211
What is 1000200022001 (base 3) in base 15?
ab63a
Convert -10110212112 (base 3) to base 4.
-100231100
Convert 449568 (base 10) to base 6.
13345200
Convert 1460513 (base 7) to base 2.
110000101101110010
446d5 (base 16) to base 11
181638
What is -5421500 (base 9) in base 4?
-23011320021
What is 86948a (base 12) in base 13?
598138
Convert 84523 (base 9) to base 15.
11820
176a3b7 (base 13) to base 10
7619853
356254 (base 10) to base 4
1112332132
Convert -9071 (base 14) to base 7.
-132201
-6302055 (base 8) to base 4
-12120100231
Convert 535145005 (base 6) to base 4.
210023232131
Convert 1879c (base 15) to base 13.
2a168
What is -2250 (base 8) in base 9?
-1564
What is -59bd4 (base 15) in base 2?
-1000101110111011110
What is -a23a74 (base 11) in base 14?
-30b736
200333401 (base 5) to base 15
109e51
Convert 3366460 (base 8) to base 11.
573797
What is 604b2a (base 14) in base 5?
1312140424
-24015536 (base 7) to base 4
-20012011112
36d25 (base 14) to base 10
134293
Convert 123534 (base 6) to base 3.
120101111
14223123 (base 5) to base 9
245672
What is -596ca (base 14) in base 11?
-139980
What is -838124 (base 10) in base 7?
-10060340
What is -302132233031 (base 4) in base 12?
-4522065
What is 4343434 (base 7) in base 5?
114004441
What is -62652445 (base 7) in base 8?
-24134516
Convert 110243301 (base 5) to base 16.
74aff
-7061749 (base 10